{"id":8,"date":"2022-09-17T16:23:41","date_gmt":"2022-09-17T15:23:41","guid":{"rendered":"https:\/\/www.xn--sknhedssalonenformndogkvinder-7rc55c.dk\/?page_id=8"},"modified":"2022-09-29T18:31:24","modified_gmt":"2022-09-29T17:31:24","slug":"velkommen-til-skoenhedssalonen-for-maend-og-kvinder","status":"publish","type":"page","link":"https:\/\/www.xn--sknhedssalonenformndogkvinder-7rc55c.dk\/","title":{"rendered":"Velkom\u00admen"},"content":{"rendered":"\n<div class=\"wp-block-group alignwide is-layout-flow wp-block-group-is-layout-flow\">\n<p style=\"line-height:1\">Jeg er uddannet sygeplejerske og kosmetolog er meget glad for den mulighed, salonen giver for at m\u00f8de og hj\u00e6lpe mennesker.<br>Jeg l\u00e6gger stor v\u00e6gt p\u00e5, at folk skal f\u00f8le sig \u201chjemme\u201d og godt tilpas, n\u00e5r de er her og samtidig kan f\u00f8le sig trygge ved, at de f\u00e5r en effektiv behandling. Hvis du ikke allerede er en af salonens kunder, h\u00e5ber jeg, at du f\u00e5r lyst til at kikke forbi eller ringe for at h\u00f8re, hvad salonen kan tilbyde dig.<br>Salonen tilbyder bl.a. ansigtsbehandlinger med Neostrata.<br>Vi tilbyder ogs\u00e5 kosmetisk behandling med botulinumtoksin, som udf\u00f8res af mig og l\u00e6ge Maria Papina.<\/p>\n\n\n\n<p>Velkommen i salonen.<br>Sygeplejerske Irina Tolgskaya Batyushkova<\/p>\n\n\n\n<figure class=\"wp-block-image size-full is-resized\"><img loading=\"lazy\" decoding=\"async\" src=\"https:\/\/www.xn--sknhedssalonenformndogkvinder-7rc55c.dk\/wp-content\/uploads\/2022\/09\/IMG_3484.jpg\" alt=\"\" class=\"wp-image-124\" width=\"800\" height=\"534\" srcset=\"https:\/\/www.xn--sknhedssalonenformndogkvinder-7rc55c.dk\/wp-content\/uploads\/2022\/09\/IMG_3484.jpg 1600w, https:\/\/www.xn--sknhedssalonenformndogkvinder-7rc55c.dk\/wp-content\/uploads\/2022\/09\/IMG_3484-300x200.jpg 300w, https:\/\/www.xn--sknhedssalonenformndogkvinder-7rc55c.dk\/wp-content\/uploads\/2022\/09\/IMG_3484-768x512.jpg 768w, https:\/\/www.xn--sknhedssalonenformndogkvinder-7rc55c.dk\/wp-content\/uploads\/2022\/09\/IMG_3484-1536x1024.jpg 1536w\" sizes=\"auto, (max-width: 800px) 100vw, 800px\" \/><\/figure>\n<\/div>\n","protected":false},"excerpt":{"rendered":"<p>Jeg er uddannet sygeplejerske og kosmetolog er meget glad for den mulighed, salonen giver for at m\u00f8de og hj\u00e6lpe mennesker.Jeg l\u00e6gger stor v\u00e6gt p\u00e5, at folk skal f\u00f8le sig \u201chjemme\u201d og godt tilpas, n\u00e5r de er her og samtidig kan f\u00f8le sig trygge ved, at de f\u00e5r en effektiv behandling. Hvis du ikke allerede er [&hellip;]<\/p>\n","protected":false},"author":1,"featured_media":0,"parent":0,"menu_order":1,"comment_status":"closed","ping_status":"closed","template":"wp-custom-template-full-width","meta":{"footnotes":""},"class_list":["post-8","page","type-page","status-publish","hentry"],"_links":{"self":[{"href":"https:\/\/www.xn--sknhedssalonenformndogkvinder-7rc55c.dk\/index.php?rest_route=\/wp\/v2\/pages\/8","targetHints":{"allow":["GET"]}}],"collection":[{"href":"https:\/\/www.xn--sknhedssalonenformndogkvinder-7rc55c.dk\/index.php?rest_route=\/wp\/v2\/pages"}],"about":[{"href":"https:\/\/www.xn--sknhedssalonenformndogkvinder-7rc55c.dk\/index.php?rest_route=\/wp\/v2\/types\/page"}],"author":[{"embeddable":true,"href":"https:\/\/www.xn--sknhedssalonenformndogkvinder-7rc55c.dk\/index.php?rest_route=\/wp\/v2\/users\/1"}],"replies":[{"embeddable":true,"href":"https:\/\/www.xn--sknhedssalonenformndogkvinder-7rc55c.dk\/index.php?rest_route=%2Fwp%2Fv2%2Fcomments&post=8"}],"version-history":[{"count":34,"href":"https:\/\/www.xn--sknhedssalonenformndogkvinder-7rc55c.dk\/index.php?rest_route=\/wp\/v2\/pages\/8\/revisions"}],"predecessor-version":[{"id":210,"href":"https:\/\/www.xn--sknhedssalonenformndogkvinder-7rc55c.dk\/index.php?rest_route=\/wp\/v2\/pages\/8\/revisions\/210"}],"wp:attachment":[{"href":"https:\/\/www.xn--sknhedssalonenformndogkvinder-7rc55c.dk\/index.php?rest_route=%2Fwp%2Fv2%2Fmedia&parent=8"}],"curies":[{"name":"wp","href":"https:\/\/api.w.org\/{rel}","templated":true}]}}