{"id":11,"date":"2022-09-17T16:25:08","date_gmt":"2022-09-17T15:25:08","guid":{"rendered":"https:\/\/www.xn--sknhedssalonenformndogkvinder-7rc55c.dk\/?page_id=11"},"modified":"2022-09-29T18:24:05","modified_gmt":"2022-09-29T17:24:05","slug":"kosmetisk-behandling-med-botulinumtoksin","status":"publish","type":"page","link":"https:\/\/www.xn--sknhedssalonenformndogkvinder-7rc55c.dk\/?page_id=11","title":{"rendered":"Behandling med botulinum&shy;toksin"},"content":{"rendered":"\n<div class=\"wp-block-group alignwide is-nowrap is-layout-flex wp-container-core-group-is-layout-6c531013 wp-block-group-is-layout-flex\">\n<p style=\"line-height:1\">F\u00e5 rynkerne til at l\u00e6gge sig og f\u00e5 en mere glat hud.<br>Behandlingen kr\u00e6ver en gratis forunders\u00f8gelse hos vores l\u00e6ge. Herefter er der mindst to dages bet\u00e6nkningstid f\u00f8r udf\u00f8relse.<\/p>\n<\/div>\n\n\n\n<div class=\"wp-block-group alignwide is-layout-flow wp-block-group-is-layout-flow\">\n<h2 class=\"alignwide has-large-font-size wp-block-heading\" style=\"line-height:1\"><strong>S\u00e5ledes holder Botox rynkerne nede<\/strong><\/h2>\n\n\n\n<p style=\"line-height:1\">Botox forhindrer nerveimpulser i at n\u00e5 ansigtsmusklerne, og s\u00e5 kan de ikke tr\u00e6kke sig sammen. Derfor forbliver huden oven over musklerne glat og rynkerne holdes nede.<br>Kun de muskler der behandles med Botox forhindres i at tr\u00e6kke sig sammen, de andre muskler p\u00e5virkes ikke.<\/p>\n<\/div>\n\n\n\n<div class=\"wp-block-group alignwide is-layout-flow wp-block-group-is-layout-flow\">\n<h2 class=\"alignwide has-large-font-size wp-block-heading\"><strong>Botox alias Vistabel &#8211; botulinumtoxin type A<\/strong><\/h2>\n\n\n\n<p style=\"line-height:1\">Botox er firmaet Allergans varem\u00e6rke for et l\u00e6gemiddel, der indeholder botulinumtoxin type A. Dette toksin kommer fra bakterien clostridium botulinum. Toksinet fortyndes&nbsp;kraftigt, og kan derefter spr\u00f8jtes ind i udvalgte sm\u00e5 ansigtsmuskler,&nbsp;med den virkning at rynker bliver glattet ud.<br>I Europa har Allergan valgt at markedsf\u00f8re Botox under varem\u00e6rket Vistabel.<\/p>\n<\/div>\n\n\n\n<div class=\"wp-block-group alignwide is-layout-flow wp-block-group-is-layout-flow\">\n<h2 class=\"alignwide has-large-font-size wp-block-heading\"><strong>Hvordan udf\u00f8res behandlingen?<\/strong><\/h2>\n\n\n\n<p style=\"line-height:1\">For at afslappe musklen skal Botox spr\u00f8jtes ind i den, og det sker med en lille engangsspr\u00f8jte med en meget lille kanyle\u00a0er der kun meget lidt ubehag ved\u00a0behandlingen.<br>Behandlingen tager ca. 10-15 minutter, afh\u00e6ngig af hvor mange omr\u00e5der man \u00f8nsker at f\u00e5 behandlet. Man kan g\u00e5 p\u00e5 arbejde og lave alle andre daglige g\u00f8rem\u00e5l lige efter behandlingen.<\/p>\n\n\n\n<p style=\"line-height:1\">De f\u00f8rste 3-4 timer b\u00f8r man ikke gnide, eller massere det behandlede omr\u00e5de.&nbsp;Derimod er det kun positivt for behandlingen at bruge musklerne s\u00e5 meget som&nbsp;muligt den f\u00f8rste dag efter behandlingen.&nbsp;Efter indspr\u00f8jtningen tager det 2-3 dage f\u00f8r Botox\/Vistabel begynder at virke, og&nbsp;indtil 7-10 dage f\u00f8r man f\u00e5r den fulde effekt.<\/p>\n<\/div>\n\n\n\n<div class=\"wp-block-group alignwide is-layout-flow wp-block-group-is-layout-flow\">\n<h2 class=\"alignwide has-large-font-size wp-block-heading\"><strong>Hvor l\u00e6nge holder en&nbsp;behandling med Botox?<\/strong><\/h2>\n\n\n\n<p style=\"line-height:1\">En fordel ved behandlingen er at effekten kun varer i&nbsp;gennemsnit 3-5 m\u00e5neder efter f\u00f8rste-gangs behandlingen. Herefter kan man&nbsp;afg\u00f8re, om man \u00f8nsker at gentage behandlingen, og evt. ogs\u00e5 f\u00e5 behandlet&nbsp;andre omr\u00e5der.<\/p>\n\n\n\n<p style=\"line-height:1\">For at vedligeholde en optimal effekt, b\u00f8r man p\u00e5regne at gentage&nbsp;indspr\u00f8jtningerne 2-3 gange pr. \u00e5r. Resultaterne fra de f\u00f8rste&nbsp;videnskabelige studier med Botox\/Vistabel brugt mod rynkebehandling, tyder&nbsp;imidlertid p\u00e5, at effekten af Botox\/Vistabel varer l\u00e6ngere efter hver ny&nbsp;behandling.<\/p>\n<\/div>\n\n\n\n<div class=\"wp-block-group alignwide is-layout-flow wp-block-group-is-layout-flow\">\n<h2 class=\"alignwide has-large-font-size wp-block-heading\">Komplikationer eller bivirkninger ved Botox?<\/h2>\n\n\n\n<p style=\"line-height:1\">U\u00f8nskede bivirkninger ved brug af Botox\/Vistabel er meget sj\u00e6ldne, selv\u00a0efter at produktet har v\u00e6ret brugt i over 12 \u00e5r i 60 forskellige lande.<br>Den mest almindelige bivirkning er \u00f8mhed eller en lille blodudtr\u00e6delse ved\u00a0indspr\u00f8jtningsstedet. I sj\u00e6ldne tilf\u00e6lde kan produktet\u00a0give en\u00a0forbig\u00e5ende sv\u00e6kkelse af de n\u00e6rliggende muskler. Der har v\u00e6ret beskrevet\u00a0enkelte tilf\u00e6lde, hvor musklen som l\u00f8fter \u00f8vre \u00f8jenl\u00e5g er blevet forbig\u00e5ende\u00a0sv\u00e6kket i 1-2 uger. Men fordi effekten af er forbig\u00e5ende, er\u00a0ogs\u00e5 bivirkningerne forbig\u00e5ende. Der er frem til i dag p\u00e5 verdensplan ikke\u00a0rapporteret om varige m\u00e9n efter behandlingen.<\/p>\n<\/div>\n","protected":false},"excerpt":{"rendered":"<p>F\u00e5 rynkerne til at l\u00e6gge sig og f\u00e5 en mere glat hud.Behandlingen kr\u00e6ver en gratis forunders\u00f8gelse hos vores l\u00e6ge. Herefter er der mindst to dages bet\u00e6nkningstid f\u00f8r udf\u00f8relse. S\u00e5ledes holder Botox rynkerne nede Botox forhindrer nerveimpulser i at n\u00e5 ansigtsmusklerne, og s\u00e5 kan de ikke tr\u00e6kke sig sammen. Derfor forbliver huden oven over musklerne glat [&hellip;]<\/p>\n","protected":false},"author":1,"featured_media":0,"parent":0,"menu_order":2,"comment_status":"closed","ping_status":"closed","template":"wp-custom-template-full-width","meta":{"footnotes":""},"class_list":["post-11","page","type-page","status-publish","hentry"],"_links":{"self":[{"href":"https:\/\/www.xn--sknhedssalonenformndogkvinder-7rc55c.dk\/index.php?rest_route=\/wp\/v2\/pages\/11","targetHints":{"allow":["GET"]}}],"collection":[{"href":"https:\/\/www.xn--sknhedssalonenformndogkvinder-7rc55c.dk\/index.php?rest_route=\/wp\/v2\/pages"}],"about":[{"href":"https:\/\/www.xn--sknhedssalonenformndogkvinder-7rc55c.dk\/index.php?rest_route=\/wp\/v2\/types\/page"}],"author":[{"embeddable":true,"href":"https:\/\/www.xn--sknhedssalonenformndogkvinder-7rc55c.dk\/index.php?rest_route=\/wp\/v2\/users\/1"}],"replies":[{"embeddable":true,"href":"https:\/\/www.xn--sknhedssalonenformndogkvinder-7rc55c.dk\/index.php?rest_route=%2Fwp%2Fv2%2Fcomments&post=11"}],"version-history":[{"count":10,"href":"https:\/\/www.xn--sknhedssalonenformndogkvinder-7rc55c.dk\/index.php?rest_route=\/wp\/v2\/pages\/11\/revisions"}],"predecessor-version":[{"id":209,"href":"https:\/\/www.xn--sknhedssalonenformndogkvinder-7rc55c.dk\/index.php?rest_route=\/wp\/v2\/pages\/11\/revisions\/209"}],"wp:attachment":[{"href":"https:\/\/www.xn--sknhedssalonenformndogkvinder-7rc55c.dk\/index.php?rest_route=%2Fwp%2Fv2%2Fmedia&parent=11"}],"curies":[{"name":"wp","href":"https:\/\/api.w.org\/{rel}","templated":true}]}}